{"id":11,"date":"2026-05-09T10:49:17","date_gmt":"2026-05-09T10:49:17","guid":{"rendered":"https:\/\/www.weingut-brodbeck.de\/?page_id=11"},"modified":"2026-05-12T10:04:01","modified_gmt":"2026-05-12T10:04:01","slug":"weingut-brodbeck","status":"publish","type":"page","link":"https:\/\/www.weingut-brodbeck.de\/","title":{"rendered":"Weingut Brodbeck"},"content":{"rendered":"<p>[et_pb_section fb_built=&#8220;1&#8243; admin_label=&#8220;Header&#8220; _builder_version=&#8220;4.27.6&#8243; _module_preset=&#8220;default&#8220; use_background_color_gradient=&#8220;on&#8220; background_color_gradient_stops=&#8220;rgba(0,0,0,0.5) 0%|rgba(0,0,0,0.5) 100%&#8220; background_color_gradient_overlays_image=&#8220;on&#8220; background_image=&#8220;https:\/\/www.weingut-brodbeck.de\/wp-content\/uploads\/2026\/05\/weingut-brodbeck-boetzingen-kaiserstuhl-weinreben-lagen-hero-01_1771535345464.webp&#8220; parallax=&#8220;on&#8220; min_height=&#8220;100vh&#8220; height=&#8220;100vh&#8220; max_height=&#8220;100vh&#8220; custom_padding=&#8220;6vw||||false|false&#8220; collapsed=&#8220;off&#8220; global_colors_info=&#8220;{}&#8220;][et_pb_row _builder_version=&#8220;4.27.6&#8243; _module_preset=&#8220;default&#8220; width=&#8220;90%&#8220; max_width=&#8220;none&#8220; global_colors_info=&#8220;{}&#8220;][et_pb_column type=&#8220;4_4&#8243; _builder_version=&#8220;4.24.1&#8243; _module_preset=&#8220;default&#8220; global_colors_info=&#8220;{}&#8220;][et_pb_image src=&#8220;https:\/\/www.weingut-brodbeck.de\/wp-content\/uploads\/2026\/05\/brodbeck-logo-white-scaled.png&#8220; title_text=&#8220;brodbeck-logo-white&#8220; align=&#8220;center&#8220; _builder_version=&#8220;4.27.6&#8243; _module_preset=&#8220;default&#8220; max_width=&#8220;375px&#8220; custom_margin=&#8220;||24px||false|false&#8220; global_colors_info=&#8220;{}&#8220;][\/et_pb_image][et_pb_text _builder_version=&#8220;4.27.6&#8243; _module_preset=&#8220;e961c819-0641-458e-ace2-7eedceb0859e&#8220; header_font=&#8220;|||on|||||&#8220; header_text_color=&#8220;#FFFFFF&#8220; header_font_size=&#8220;5vw&#8220; text_orientation=&#8220;center&#8220; custom_margin=&#8220;||10px||false|false&#8220; global_colors_info=&#8220;{}&#8220;]<\/p>\n<h1>Wir modernisieren<br \/>unsere Webseite<\/h1>\n<p>[\/et_pb_text][et_pb_text quote_border_color=&#8220;#FFFFFF&#8220; _builder_version=&#8220;4.27.6&#8243; _module_preset=&#8220;da9d7a33-b14e-4d8d-8f63-7f89d1413134&#8243; text_font=&#8220;Epilogue Semi-Bold|||on|||||&#8220; text_text_color=&#8220;#FFFFFF&#8220; link_text_color=&#8220;#FFFFFF&#8220; quote_text_color=&#8220;#FFFFFF&#8220; text_orientation=&#8220;center&#8220; max_width=&#8220;900px&#8220; module_alignment=&#8220;center&#8220; hover_enabled=&#8220;0&#8243; global_colors_info=&#8220;{}&#8220; sticky_enabled=&#8220;0&#8243;]<\/p>\n<p><span>Sie k\u00f6nnen weiterhin Wein, Sekt und Mehr auf Anfrage per E-Mail oder Telefon bestellen.<\/span><\/p>\n<p>[\/et_pb_text][et_pb_button button_url=&#8220;tel:+4976636565&#8243; button_text=&#8220;Anrufen&#8220; button_alignment=&#8220;center&#8220; _builder_version=&#8220;4.27.6&#8243; _module_preset=&#8220;5a46249c-4f0a-4440-a1a1-bf28e4662610&#8243; button_font=&#8220;Epilogue Regular|700||on|||||&#8220; global_colors_info=&#8220;{}&#8220;][\/et_pb_button][\/et_pb_column][\/et_pb_row][et_pb_row column_structure=&#8220;1_3,1_3,1_3&#8243; _builder_version=&#8220;4.27.6&#8243; _module_preset=&#8220;default&#8220; width=&#8220;90%&#8220; max_width=&#8220;none&#8220; custom_margin=&#8220;4vw||||false|false&#8220; custom_padding=&#8220;0px||0px||false|false&#8220; global_colors_info=&#8220;{}&#8220;][et_pb_column type=&#8220;1_3&#8243; _builder_version=&#8220;4.24.1&#8243; _module_preset=&#8220;default&#8220; global_colors_info=&#8220;{}&#8220;][et_pb_text _builder_version=&#8220;4.27.6&#8243; _module_preset=&#8220;400cbc23-b61b-4af2-9fe8-2477de91cae2&#8243; header_5_text_color=&#8220;#FFFFFF&#8220; custom_margin=&#8220;||0px||false|false&#8220; text_orientation_tablet=&#8220;center&#8220; text_orientation_phone=&#8220;center&#8220; text_orientation_last_edited=&#8220;on|tablet&#8220; global_colors_info=&#8220;{}&#8220;]<\/p>\n<h5>Wein, Sekt &#038; Br\u00e4nde <br \/> Regional produziert<\/h5>\n<p>[\/et_pb_text][\/et_pb_column][et_pb_column type=&#8220;1_3&#8243; _builder_version=&#8220;4.24.1&#8243; _module_preset=&#8220;default&#8220; global_colors_info=&#8220;{}&#8220;][\/et_pb_column][et_pb_column type=&#8220;1_3&#8243; _builder_version=&#8220;4.24.1&#8243; _module_preset=&#8220;default&#8220; global_colors_info=&#8220;{}&#8220;][et_pb_text _builder_version=&#8220;4.27.6&#8243; _module_preset=&#8220;400cbc23-b61b-4af2-9fe8-2477de91cae2&#8243; header_5_text_color=&#8220;#FFFFFF&#8220; text_orientation=&#8220;right&#8220; custom_margin=&#8220;||0px||false|false&#8220; text_orientation_tablet=&#8220;center&#8220; text_orientation_phone=&#8220;center&#8220; text_orientation_last_edited=&#8220;on|tablet&#8220; locked=&#8220;off&#8220; global_colors_info=&#8220;{}&#8220;]<\/p>\n<h5>Wasenweilerstr. 17 &#8211; 19<\/br>79268 B\u00f6tzingen<\/h5>\n<p>[\/et_pb_text][\/et_pb_column][\/et_pb_row][\/et_pb_section][et_pb_section fb_built=&#8220;1&#8243; specialty=&#8220;on&#8220; admin_label=&#8220;Footer&#8220; _builder_version=&#8220;4.27.6&#8243; use_background_color_gradient=&#8220;on&#8220; background_color_gradient_direction=&#8220;90deg&#8220; background_color_gradient_stops=&#8220;#f9f5f1 60%|#ede4d0 60%&#8220; background_color_gradient_start=&#8220;#f9f5f1&#8243; background_color_gradient_start_position=&#8220;60%&#8220; background_color_gradient_end=&#8220;#e8e2d7&#8243; background_color_gradient_end_position=&#8220;3%&#8220; background_image=&#8220;https:\/\/www.weingut-brodbeck.de\/wp-content\/uploads\/2026\/05\/winery-37.png&#8220; background_size=&#8220;initial&#8220; custom_padding=&#8220;100px||||false|false&#8220; background_last_edited=&#8220;on|desktop&#8220; background_color_gradient_stops_tablet=&#8220;#f9f5f1 80%|#e8e2d7 80%&#8220; background_color_gradient_stops_phone=&#8220;#f9f5f1 75%|#e8e2d7 75%&#8220; background_color_gradient_start_position_tablet=&#8220;80%&#8220; background_color_gradient_start_position_phone=&#8220;75%&#8220; background_color_gradient_end_position_tablet=&#8220;80%&#8220; background_color_gradient_end_position_phone=&#8220;75%&#8220; background_position_tablet=&#8220;bottom_center&#8220; collapsed=&#8220;off&#8220; global_colors_info=&#8220;{}&#8220;][et_pb_column type=&#8220;1_2&#8243; _builder_version=&#8220;4.16&#8243; custom_padding=&#8220;|||&#8220; global_colors_info=&#8220;{}&#8220; custom_padding__hover=&#8220;|||&#8220;][et_pb_text _builder_version=&#8220;4.27.6&#8243; text_font=&#8220;||||||||&#8220; header_2_font=&#8220;Epilogue Medium|||on|||||&#8220; header_2_text_color=&#8220;#280400&#8243; header_2_font_size=&#8220;80px&#8220; header_2_letter_spacing=&#8220;8px&#8220; header_2_line_height=&#8220;1.2em&#8220; max_width_tablet=&#8220;&#8220; max_width_phone=&#8220;&#8220; max_width_last_edited=&#8220;on|desktop&#8220; header_2_font_size_tablet=&#8220;40px&#8220; header_2_font_size_phone=&#8220;28px&#8220; header_2_font_size_last_edited=&#8220;on|phone&#8220; header_2_line_height_tablet=&#8220;1.4em&#8220; header_2_line_height_phone=&#8220;&#8220; header_2_line_height_last_edited=&#8220;on|phone&#8220; locked=&#8220;off&#8220; global_colors_info=&#8220;{}&#8220;]<\/p>\n<h2>Besuchen Sie uns gerne<\/h2>\n<p>[\/et_pb_text][et_pb_button button_url=&#8220;https:\/\/www.google.com\/maps\/place\/\/data=!4m2!3m1!1s0x479116d789e9d61d:0x8b18c8558c698edb?sa=X&#038;ved=1t:8290&#038;ictx=111&#8243; url_new_window=&#8220;on&#8220; button_text=&#8220;Anfahrt&#8220; _builder_version=&#8220;4.27.6&#8243; custom_button=&#8220;on&#8220; button_text_size=&#8220;14px&#8220; button_text_color=&#8220;#000000&#8243; button_bg_color=&#8220;rgba(0,0,0,0)&#8220; button_border_color=&#8220;#280400&#8243; button_border_radius=&#8220;0px&#8220; button_font=&#8220;Epilogue Regular||on||||||&#8220; button_use_icon=&#8220;off&#8220; custom_padding=&#8220;20px|50px|20px|50px|true|true&#8220; locked=&#8220;off&#8220; global_colors_info=&#8220;{}&#8220; button_text_color__hover=&#8220;#e8e2d7&#8243; button_text_color__hover_enabled=&#8220;on|desktop&#8220; button_bg_color__hover=&#8220;#280400&#8243; button_bg_color__hover_enabled=&#8220;on|hover&#8220;][\/et_pb_button][et_pb_text _builder_version=&#8220;4.27.6&#8243; text_font=&#8220;Epilogue Regular||||||||&#8220; text_line_height=&#8220;2em&#8220; header_font=&#8220;Epilogue Medium||||||||&#8220; max_width=&#8220;380px&#8220; max_width_tablet=&#8220;100%&#8220; max_width_phone=&#8220;&#8220; max_width_last_edited=&#8220;on|tablet&#8220; locked=&#8220;off&#8220; global_colors_info=&#8220;{}&#8220;]<\/p>\n<p>Weingut Thomas Brodbeck<br \/>\nWasenweilerstr. 17 &#8211; 19<br \/>\n79268 B\u00f6tzingen<\/p>\n<p>[\/et_pb_text][\/et_pb_column][et_pb_column type=&#8220;1_2&#8243; specialty_columns=&#8220;2&#8243; _builder_version=&#8220;4.16&#8243; custom_padding=&#8220;|||&#8220; global_colors_info=&#8220;{}&#8220; custom_padding__hover=&#8220;|||&#8220;][et_pb_row_inner _builder_version=&#8220;4.16&#8243; background_color=&#8220;#280400&#8243; max_width=&#8220;280px&#8220; custom_margin=&#8220;||||false|false&#8220; custom_padding=&#8220;140px|30px|100px|30px|false|true&#8220; scroll_vertical_motion_enable=&#8220;on&#8220; scroll_vertical_motion=&#8220;0|0|0|50|0|0|-2&#8243; motion_trigger_start=&#8220;top&#8220; scroll_vertical_motion_tablet=&#8220;0|0|0|50|0|0|0&#8243; scroll_vertical_motion_phone=&#8220;&#8220; scroll_vertical_motion_last_edited=&#8220;on|tablet&#8220; global_colors_info=&#8220;{}&#8220;][et_pb_column_inner saved_specialty_column_type=&#8220;1_2&#8243; _builder_version=&#8220;4.16&#8243; global_colors_info=&#8220;{}&#8220;][et_pb_text _builder_version=&#8220;4.27.6&#8243; text_font=&#8220;Epilogue Regular||||||||&#8220; link_font=&#8220;Epilogue Regular||on||||||&#8220; link_text_color=&#8220;#ffffff&#8220; link_line_height=&#8220;2em&#8220; header_3_font=&#8220;Epilogue Semi-Bold|700||on|||||&#8220; header_3_font_size=&#8220;12px&#8220; header_3_letter_spacing=&#8220;2px&#8220; header_3_line_height=&#8220;1.4em&#8220; background_layout=&#8220;dark&#8220; link_font_size_tablet=&#8220;20px&#8220; link_font_size_phone=&#8220;18px&#8220; link_font_size_last_edited=&#8220;off|desktop&#8220; locked=&#8220;off&#8220; global_colors_info=&#8220;{}&#8220;]<\/p>\n<h3>Telefon<\/h3>\n<p><a href=\"tel:+4976636565\">+49 7663 65 65<\/a><\/p>\n<p>[\/et_pb_text][et_pb_text _builder_version=&#8220;4.27.6&#8243; link_font=&#8220;Epilogue Regular||on||||||&#8220; link_text_color=&#8220;#ffffff&#8220; link_line_height=&#8220;2em&#8220; header_3_font=&#8220;Epilogue Semi-Bold|700||on|||||&#8220; header_3_font_size=&#8220;12px&#8220; header_3_letter_spacing=&#8220;2px&#8220; header_3_line_height=&#8220;1.4em&#8220; background_layout=&#8220;dark&#8220; custom_margin=&#8220;40px||||false|false&#8220; link_font_size_tablet=&#8220;20px&#8220; link_font_size_phone=&#8220;18px&#8220; link_font_size_last_edited=&#8220;on|phone&#8220; locked=&#8220;off&#8220; global_colors_info=&#8220;{}&#8220;]<\/p>\n<h3>E-Mail<\/h3>\n<p><a href=\"mailto:info@weingut-brodbeck.de\">info@weingut-brodbeck.de<\/a>[\/et_pb_text][et_pb_text admin_label=&#8220;\u00d6ffnungszeiten Header&#8220; _builder_version=&#8220;4.27.6&#8243; text_font=&#8220;Lora||||||||&#8220; header_2_font=&#8220;||||||||&#8220; header_2_font_size=&#8220;30px&#8220; header_2_line_height=&#8220;1.2em&#8220; background_layout=&#8220;dark&#8220; max_width=&#8220;260px&#8220; max_width_tablet=&#8220;200px&#8220; max_width_phone=&#8220;150px&#8220; max_width_last_edited=&#8220;on|phone&#8220; custom_margin=&#8220;40px||||false|false&#8220; header_2_font_size_tablet=&#8220;28px&#8220; header_2_font_size_phone=&#8220;24px&#8220; header_2_font_size_last_edited=&#8220;on|phone&#8220; header_2_line_height_tablet=&#8220;1.4em&#8220; header_2_line_height_phone=&#8220;&#8220; header_2_line_height_last_edited=&#8220;on|phone&#8220; locked=&#8220;off&#8220; global_colors_info=&#8220;{}&#8220;]<\/p>\n<h2>\u00d6ffnungszeiten<\/h2>\n<p>[\/et_pb_text][et_pb_text _builder_version=&#8220;4.27.6&#8243; link_font=&#8220;Epilogue Regular||on||||||&#8220; link_text_color=&#8220;#ffffff&#8220; link_line_height=&#8220;2em&#8220; header_3_font=&#8220;Epilogue Semi-Bold|700||on|||||&#8220; header_3_font_size=&#8220;12px&#8220; header_3_letter_spacing=&#8220;2px&#8220; header_3_line_height=&#8220;1.4em&#8220; background_layout=&#8220;dark&#8220; custom_margin=&#8220;40px||||false|false&#8220; link_font_size_tablet=&#8220;20px&#8220; link_font_size_phone=&#8220;18px&#8220; link_font_size_last_edited=&#8220;on|phone&#8220; locked=&#8220;off&#8220; global_colors_info=&#8220;{}&#8220;]<\/p>\n<p><\/strong>Montag\t&#8211; Freitag<\/strong><br \/>\n09:00\u201312:00, 14:00\u201318:30<\/br><br \/>\nSamstag<br \/>\n09:00\u201312:00, 14:00\u201316:00<\/a>[\/et_pb_text][\/et_pb_column_inner][\/et_pb_row_inner][\/et_pb_column][\/et_pb_section][et_pb_section fb_built=&#8220;1&#8243; module_class=&#8220;le-copy&#8220; _builder_version=&#8220;4.27.6&#8243; _module_preset=&#8220;default&#8220; background_color=&#8220;#EDE4D0&#8243; custom_margin=&#8220;0px|0px|0px|0px|false|false&#8220; custom_padding=&#8220;24px|0px|24px|0px|false|false&#8220; global_colors_info=&#8220;{}&#8220;][et_pb_row _builder_version=&#8220;4.27.6&#8243; _module_preset=&#8220;default&#8220; custom_margin=&#8220;-100px||0px||false|false&#8220; global_colors_info=&#8220;{}&#8220;][et_pb_column type=&#8220;4_4&#8243; _builder_version=&#8220;4.27.6&#8243; _module_preset=&#8220;default&#8220; global_colors_info=&#8220;{}&#8220;][et_pb_text module_class=&#8220;le-rechtliche-links&#8220; _builder_version=&#8220;4.27.6&#8243; _module_preset=&#8220;default&#8220; global_colors_info=&#8220;{}&#8220;][\/et_pb_text][\/et_pb_column][\/et_pb_row][et_pb_row _builder_version=&#8220;4.27.6&#8243; _module_preset=&#8220;default&#8220; custom_margin=&#8220;||0px||false|false&#8220; global_colors_info=&#8220;{}&#8220;][et_pb_column type=&#8220;4_4&#8243; _builder_version=&#8220;4.27.6&#8243; _module_preset=&#8220;default&#8220; global_colors_info=&#8220;{}&#8220;][et_pb_text _builder_version=&#8220;4.27.6&#8243; _module_preset=&#8220;default&#8220; global_colors_info=&#8220;{}&#8220;]\u00a9 <span class=\"js-current-year\"><\/span> Weingut Thomas Brodbeck &#8211; Alle Rechte vorbehalten[\/et_pb_text][\/et_pb_column][\/et_pb_row][\/et_pb_section]<\/p>\n","protected":false},"excerpt":{"rendered":"<p>Wir modernisierenunsere WebseiteSie k\u00f6nnen weiterhin Wein, Sekt und Mehr auf Anfrage per E-Mail oder Telefon bestellen.Wein, Sekt &#038; Br\u00e4nde Regional produziertWasenweilerstr. 17 &#8211; 1979268 B\u00f6tzingenBesuchen Sie uns gerneWeingut Thomas Brodbeck Wasenweilerstr. 17 &#8211; 19 79268 B\u00f6tzingenTelefon +49 7663 65 65E-Mail info@weingut-brodbeck.de\u00d6ffnungszeitenMontag &#8211; Freitag 09:00\u201312:00, 14:00\u201318:30 Samstag 09:00\u201312:00, 14:00\u201316:00\u00a9 Weingut Thomas Brodbeck &#8211; Alle Rechte vorbehalten<\/p>\n","protected":false},"author":1,"featured_media":0,"parent":0,"menu_order":0,"comment_status":"closed","ping_status":"closed","template":"","meta":{"_et_pb_use_builder":"on","_et_pb_old_content":"","_et_gb_content_width":"","footnotes":""},"class_list":["post-11","page","type-page","status-publish","hentry"],"_links":{"self":[{"href":"https:\/\/www.weingut-brodbeck.de\/index.php?rest_route=\/wp\/v2\/pages\/11","targetHints":{"allow":["GET"]}}],"collection":[{"href":"https:\/\/www.weingut-brodbeck.de\/index.php?rest_route=\/wp\/v2\/pages"}],"about":[{"href":"https:\/\/www.weingut-brodbeck.de\/index.php?rest_route=\/wp\/v2\/types\/page"}],"author":[{"embeddable":true,"href":"https:\/\/www.weingut-brodbeck.de\/index.php?rest_route=\/wp\/v2\/users\/1"}],"replies":[{"embeddable":true,"href":"https:\/\/www.weingut-brodbeck.de\/index.php?rest_route=%2Fwp%2Fv2%2Fcomments&post=11"}],"version-history":[{"count":16,"href":"https:\/\/www.weingut-brodbeck.de\/index.php?rest_route=\/wp\/v2\/pages\/11\/revisions"}],"predecessor-version":[{"id":69,"href":"https:\/\/www.weingut-brodbeck.de\/index.php?rest_route=\/wp\/v2\/pages\/11\/revisions\/69"}],"wp:attachment":[{"href":"https:\/\/www.weingut-brodbeck.de\/index.php?rest_route=%2Fwp%2Fv2%2Fmedia&parent=11"}],"curies":[{"name":"wp","href":"https:\/\/api.w.org\/{rel}","templated":true}]}}